be 244/8 + 24/16. Calculate the highest common factor of 96 and y.
32
Let r(j) = 87*j - 56. Let d(t) = -1652*t + 1064. Let n(s) = -3*d(s) - 56*r(s). Let f be n(6). What is the greatest common factor of f and 56?
56
Suppose -465 = -14*d - d. Let m = -35 + 90. Let y = m - d. Calculate the greatest common factor of 36 and y.
12
Suppose 0 = 4*m + 4*d - 48, 2*d - d - 44 = -5*m. Let i(h) = h**2 + 2*h + 4. Let b be i(m). What is the highest common divisor of b and 56?
28
Let w(q) = 11*q**2 + 31*q - 61. Let c(h) = 7*h**2 + 21*h - 41. Let o(f) = 8*c(f) - 5*w(f). Let l be o(7). What is the greatest common factor of l and 9?
9
Suppose k + 4*k - 55 = 0. Let o(z) = -z**3 - 11*z**2 - 16*z - 16. Let s be o(-10). Calculate the greatest common divisor of s and k.
11
Let b = 38 + -35. Suppose -b*k - k + 168 = 0. Suppose w - 12 = 3*p, -3*w + 7*w - 2*p - 28 = 0. What is the highest common factor of w and k?
6
Let y(x) = 3*x**3 + 4*x**2 - 2*x. Let l be y(2). Let v be 3/2*2 + l. What is the greatest common divisor of 117 and v?
39
Suppose -7*k - 14*k + 504 = 0. What is the highest common divisor of 3 and k?
3
Let p be 0 + 141 + (-4 - -7). Suppose -15*v + p = -12*v. Suppose -2*u - v = -4*u. Calculate the greatest common factor of 60 and u.
12
Let a be (35/14)/((-1)/(-4)). Let r = -17 - -28. Let d = r + a. What is the greatest common divisor of 7 and d?
7
Let r = -153 + 217. Let c(j) = -j**2 + 13*j + 20. Let f be c(12). Calculate the greatest common divisor of r and f.
32
Suppose 5*d + 7055 = -2*q, 0*d + 15 = 5*d. Let w be 1/(-6) - q/42. Let a = -17 + 29. Calculate the greatest common divisor of a and w.
12
Let w(k) = k**2 + 3. Let h be 4/10 + 207/45. Let g be w(h). Let p = 55 - g. Calculate the greatest common factor of 81 and p.
27
Let w = 3 - 11. Let m(h) be the first derivative of -h**4/4 - 7*h**3/3 + 3*h**2 - h - 65. Let d be m(w). Calculate the highest common factor of d and 3.
3
Let g be (2/6)/(1/9). Suppose 0*o = o - g. Suppose 8 = -o*h + 7*h. Calculate the greatest common divisor of 22 and h.
2
Let b = -23 - -46. Let z = -10 + b. Let m = -178 + 295. Calculate the greatest common factor of m and z.
13
Let j = -17 - -20. Suppose 0 = j*g + 10 + 23. Let u be 2/((-1)/(g - -3)). Calculate the highest common factor of 176 and u.
16
Suppose d + 0*d = -l + 8, 0 = 3*d - 3*l - 42. Let q = d - 1. Let h = 78 - q. What is the greatest common divisor of 17 and h?
17
Suppose 8 = 2*w - 10. Let o = 1126 - 1099. What is the greatest common divisor of w and o?
9
Suppose -20 = -4*r, -3*b - 4*r + 7 = -25. Let m be 1*3 - (3 + b - 7). Calculate the greatest common divisor of 15 and m.
3
Suppose 10 = -2*f - 3*f, -3*f = -4*b - 338. Let s = 104 + b. What is the greatest common factor of 12 and s?
6
Let v(p) = -2*p + 94. Let i be v(28). Calculate the highest common factor of 190 and i.
38
Let n = 13 - 32. Let v be ((-351)/156)/(1 - (-71)/(-68)). Let q = n + v. Calculate the highest common divisor of q and 80.
16
Let w(n) = -3*n + 0*n**2 - 5 + n**3 + 2 - n**2 + 0*n**3. Let o be w(3). Calculate the greatest common factor of 42 and o.
6
Suppose 0 = 3*d + 3*g - 510, 4*d + 3*g = -34 + 709. Let o = 158 - 143. Calculate the greatest common divisor of o and d.
15
Suppose -a - a - 40 = 0. Let s be (a/(-16))/(5/420). Suppose 3*y + y - 165 = 5*l, -5*l = 2*y - s. What is the greatest common divisor of 30 and y?
15
Let v = -382 - -2017. What is the highest common factor of v and 45?
15
Let z be (1 - -1)/(8/12). Suppose 6*p = 4*p + 4. Suppose 0 = p*l + 10 - 52. What is the greatest common factor of z and l?
3
Suppose k = 2*j + 98, 3*k - 5*j + 9*j = 344. What is the highest common factor of 36 and k?
36
Let z(r) = -3*r**2 + 4*r - 73 - r**3 + r**2 + 69. Let k be z(-4). What is the highest common divisor of k and 12?
12
Let o = -246 + 264. Calculate the greatest common factor of 486 and o.
18
Suppose 6 = 8*i - 5*i. Suppose 0 = -3*s - i*k - 5, 4*s - 16 = 4*k - k. Calculate the greatest common divisor of 7 and s.
1
Suppose -5*l = -178 - 12. Let q = l - 22. Calculate the greatest common divisor of 4 and q.
4
Let u = -16 - -6. Let f = u - -21. Suppose -2*c - c = -132. What is the greatest common factor of c and f?
11
Suppose -3*k = 2*k - 225. Let y = 8963 - 8958. What is the highest common divisor of k and y?
5
Suppose 3 = t - 1. Suppose -2*m = w + 1, -t*m - 22 = -w - w. What is the greatest common factor of 25 and w?
5
Let o(t) = -t**3 + 5*t**2 + 5*t + 5. Let h be o(6). Let q be (0 + h)/(-1) - -1. Suppose 0 = -q*k + k + 18. What is the highest common factor of 144 and k?
18
Suppose 2 = -3*l + 5*l - c, -2*l + 26 = 5*c. Calculate the highest common factor of l and 27.
3
Let o(h) = -h**3 + 14*h**2 + 18*h - 41. Let j be o(15). Suppose -12 = 2*x - j*r, 6*x - 3*r + 6 = 3*x. Calculate the highest common factor of x and 22.
2
Let a be (-1)/(2/62) - -3. Let i be a/(-8) + 3/(-2). Suppose 21 - 55 = -i*z. Calculate the highest common factor of z and 34.
17
Suppose 7 = 476*l - 469*l. Suppose 0*h = 2*h - 14. Suppose 2*n = h*n - 15. Calculate the highest common factor of n and l.
1
Let p be (-34)/(4/(-8)*(-4)/(-19)). What is the greatest common divisor of p and 119?
17
Suppose -5*t = -414 - 361. Calculate the greatest common factor of t and 62.
31
Let h(c) = -6*c - 68. Let k be h(6). Let w = k + 184. What is the highest common factor of 8 and w?
8
Suppose -22*n + 6240 = -7*n. What is the highest common divisor of n and 52?
52
Let z be (1 - (-23)/(-2))/((-3)/4). Suppose -4*k = k - 25. Suppose -148 = -4*y - 0*x + 4*x, -k*y = -4*x - 183. What is the greatest common divisor of y and z?
7
Let z(u) = -49*u - 226. Let k be z(-7). Calculate the greatest common factor of k and 208.
13
Let o = -79 + 169. Suppose -g + 4*g = 2*w + 12, w + 8 = 2*g. Suppose -3*y + 4*z = -26, -2*z + 6*z - g = 0. What is the highest common divisor of y and o?
10
Let n = -19 + -13. Let o = 24 - n. Suppose -2*v + 2*q + 20 = 0, -6 = -4*v - 2*q + 22. Calculate the highest common divisor of o and v.
8
Let l(u) = u**2 - 3*u + 3. Let i be l(6). Suppose 2*s = b + 15, -6*s + 5*b = -s - 30. Let x = i - s. What is the greatest common divisor of 36 and x?
12
Let z(l) = -37*l + 4. Let r be z(-3). What is the highest common divisor of 10 and r?
5
Let v be -8 - -6 - (1 - -1). Let o be -20*(4 + v - -1). Let w be (21/(-15))/(4/o). Calculate the greatest common factor of w and 28.
7
Suppose 6*r = 94 + 326. Calculate the greatest common factor of 10 and r.
10
Let z(b) = -b**3 - 5*b**2 - 4*b - 8. Let o be z(-5). Suppose -2*f + 15 + 633 = 0. Suppose d = 4*d - f. Calculate the greatest common factor of o and d.
12
Let l(k) = -k**2 + k - 5. Let h be l(0). Let g(m) = -2*m - 7. Let q be g(h). Suppose v = -q*v + 168. Calculate the highest common divisor of 105 and v.
21
Suppose k = o - 145, -k - 423 = -3*o - 4*k. Let r = o + -73. What is the highest common factor of 35 and r?
35
Let l(u) = 55*u - 177. Let t be l(7). What is the highest common factor of t and 26?
26
Let c = 8 - 5. Suppose 0 = -c*r - r + 32. Let f be 4/2 - (-15 - 18/6). What is the highest common divisor of r and f?
4
Let g = 1860 - 1572. Calculate the highest common factor of 144 and g.
144
Let o = -1076 - -1517. What is the greatest common divisor of o and 18?
9
Suppose 287 = 9*i - 29116. What is the highest common divisor of i and 27?
27
Let i be 6/(-15) + 56810/25. Calculate the greatest common divisor of 16 and i.
16
Let g be 0 + (-5)/(-1) + -3 - -106. Calculate the highest common factor of 81 and g.
27
Suppose 56 = 4*j - 4*d, -4*j - 3*d + 26 = 5. Let g be (-26)/117 + 218/j. Calculate the highest common divisor of 12 and g.
12
Let r = -339 + 444. Calculate the highest common divisor of 140 and r.
35
Let a(r) = r**3 - 9*r**2 - 9*r - 2. Let h(d) = -d**3 + 2*d**2 + d - 4. Let w be h(-2). Let c be a(w). Calculate the highest common factor of 1 and c.
1
Let c be -4 - 11/(77/(-2121)). What is the greatest common factor of c and 23?
23
Let x = -13 + 16. Suppose -x*h - 13 = -64. Calculate the greatest common factor of h and 17.
17
Let q(y) = -y**2 - 21*y - 42. Let b be q(-18). Suppose -g - b = -72. Calculate the highest common factor of 5 and g.
5
Suppose -191 = -9*m - 92. Suppose 1 = -4*w + 5. Calculate the greatest common divisor of w and m.
1
Let v be 1/2 + 126/12. Let i = v - 7. Suppose -i*d - 1 = 4*r + 3, 